(p) = 1564*p - 25435. Calculate a(16).
-411
Let v(s) = 19781*s - 118697. Give v(6).
-11
Let z(i) = 46856*i - 46837. Give z(1).
19
Let b(z) = -z**2 + 111*z - 2645. What is b(76)?
15
Let y(q) = q**3 + 486*q**2 - 388*q + 286892. Give y(-488).
-52
Let f(m) = 7*m**2 + 1394*m - 35525. Determine f(-222).
-5
Let a(t) = -t**3 + 237*t**2 - 2049*t - 672. Give a(228).
12
Let n(q) = -120*q**2 - 299*q - 904. Calculate n(-3).
-1087
Let v(w) = -37*w**3 + 150*w**2 - 46*w + 165. Calculate v(4).
13
Let v(d) = -2*d**3 - 20*d**2 - 51*d - 64. What is v(-7)?
-1
Let a(t) = -78*t**2 - 5947*t - 1599. Determine a(-76).
-155
Let o(w) = -w**2 - 2292*w - 242088. Calculate o(-111).
3
Let s(g) = 166*g**2 - 1009*g + 4998. Determine s(5).
4103
Let v(t) = 8553*t + 17752. Calculate v(-2).
646
Let n(r) = -334*r - 946. What is n(4)?
-2282
Let r(g) = 3*g**2 - 291*g + 102. Determine r(97).
102
Let b(c) = 9158*c - 430209. What is b(47)?
217
Let p(d) = 6*d**3 - 2*d**2 - 19*d + 2. Determine p(4).
278
Let f(r) = -3111*r**2 - 455*r - 459. Give f(-1).
-3115
Let v(k) = 2*k**3 - 352*k**2 + 12*k - 2691. Determine v(176).
-579
Let g(o) = 3*o**3 + 26*o**2 + 90*o + 887. Determine g(-9).
-4
Let b(h) = -11847*h + 15720972. Give b(1327).
3
Let w(i) = i**2 + 16440*i - 279833. Give w(17).
-64
Let g(v) = v**3 - 23*v**2 - v - 33. Give g(18).
-1671
Let h(u) = -21*u**3 + 246*u**2 - 624*u + 380. Determine h(1).
-19
Let j(k) = 22*k**2 - 1106*k + 8844. What is j(10)?
-16
Let h(d) = -2967*d + 51656. Give h(16).
4184
Let l(o) = -596*o - 164. Give l(-1).
432
Let g(v) = -1288*v - 18288. Determine g(-14).
-256
Let u(v) = 1583*v - 335725. Calculate u(212).
-129
Let y(u) = 801*u + 14493. Calculate y(-18).
75
Let z(m) = 35*m**2 + 8313*m + 4243. Determine z(-237).
-23
Let g(p) = 874*p - 12361. Calculate g(14).
-125
Let s(q) = -q**3 + 33*q**2 - 80*q + 1049. Calculate s(30).
1349
Let r(z) = 285503*z - 2569533. Determine r(9).
-6
Let m(j) = j**2 - 12834*j - 77016. Determine m(-6).
24
Let g(k) = 7*k**2 + 671*k - 4091. What is g(-103)?
1059
Let t(q) = q**2 - 828*q + 94693. Give t(138).
-527
Let g(w) = 109*w**3 - 543*w**2 - 200*w + 989. What is g(5)?
39
Let a(m) = 2183*m - 54541. What is a(25)?
34
Let x(s) = 3*s**2 - 28471*s - 56944. What is x(-2)?
10
Let g(t) = t**2 + 226*t - 4392. Determine g(18).
0
Let p(b) = -3*b**2 + 55*b - 199. What is p(15)?
-49
Let o(y) = 12*y**3 + 10*y**2 - 17*y + 31. What is o(5)?
1696
Let d(i) = 18246*i + 19384. Calculate d(-1).
1138
Let u(i) = 25836*i - 284199. Give u(11).
-3
Let y(j) = -1292*j + 3077. Determine y(2).
493
Let k(h) = h**3 + 36*h**2 + 30*h + 263. What is k(-15)?
4538
Let r(g) = 22823*g - 1757378. What is r(77)?
-7
Let h(y) = 8*y**3 - 1927*y**2 + 291*y - 128220. What is h(241)?
-8
Let y(g) = 46*g + 776. Give y(-18).
-52
Let u(q) = 2657*q + 507545. Give u(-191).
58
Let s(x) = -2813*x + 855162. What is s(304)?
10
Let n(h) = h**3 - 374*h**2 - 7491*h - 7827. What is n(-18)?
3
Let b(q) = -38460*q + 77093. What is b(2)?
173
Let t(r) = -4*r**3 - 170*r**2 - 438*r - 1522. What is t(-40)?
-2
Let r(b) = -971*b + 1069. Give r(1).
98
Let s(u) = -u**3 - 59*u**2 - 788*u + 195. Determine s(-39).
507
Let m(p) = 3280*p - 42650. Determine m(13).
-10
Let m(g) = -13*g**3 + 15*g**2 + 71*g + 60. Calculate m(-1).
17
Let f(v) = v**2 - 275*v - 7827. Give f(-26).
-1
Let k(z) = 99*z**2 - 1831*z + 8294. Calculate k(8).
-18
Let d(x) = -194*x + 13700. Determine d(72).
-268
Let k(d) = 53*d**2 - 2711*d - 40163. Determine k(-12).
1
Let l(u) = -82*u - 5048. Determine l(-62).
36
Let a(c) = -63*c**2 + 2079*c - 6232. What is a(3)?
-562
Let d(h) = 7*h**2 - 3925*h + 11714. Calculate d(3).
2
Let n(x) = 25*x**3 - 579*x**2 - 631*x + 16635. What is n(23)?
6
Let g(i) = 26424*i - 132876. Give g(5).
-756
Let y(k) = 43579*k - 87265. Calculate y(2).
-107
Let s(b) = 4*b**3 - 1023*b**2 - 243*b - 3243. Calculate s(256).
85
Let t(j) = 7*j**3 - 2*j**2 + 3660*j - 10975. Calculate t(3).
176
Let y(l) = -65*l**3 - 911*l**2 - 18*l + 179. Calculate y(-14).
235
Let l(h) = 9*h**2 - 110*h + 19. Determine l(26).
3243
Let i(w) = 45*w**2 - 3635*w + 10565. What is i(3)?
65
Let n(r) = -r**3 - 294*r**2 - 15787*r - 18076. What is n(-69)?
2
Let w(i) = -i**3 + 74*i**2 - 858*i - 1656. Calculate w(59).
-63
Let d(f) = -f**2 - 253*f + 3425. Calculate d(13).
-33
Let h(v) = -5*v**2 - 424*v - 8961. Give h(-40).
-1
Let i(f) = -58891*f + 22378573. Give i(380).
-7
Let z(u) = 2*u**2 + 46*u - 4168. What is z(-59)?
80
Let h(f) = 4441*f - 1017044. Determine h(229).
-55
Let c(s) = -5*s**3 - 43*s**2 + 24*s + 51. Give c(-9).
-3
Let y(k) = 7*k**3 - 186*k**2 + 988*k - 210. Give y(7).
-7
Let c(z) = -8021*z + 280742. What is c(35)?
7
Let u(a) = -1103*a + 313285. What is u(284)?
33
Let u(q) = 54*q**2 + 226*q - 171. Give u(-5).
49
Let n(k) = -k**3 - 50*k**2 - 577*k - 28841. Determine n(-50).
9
Let c(d) = -3*d**2 - 118*d + 17584. Calculate c(60).
-296
Let d(c) = -3*c**2 - 1224*c - 118523. Determine d(-250).
-23
Let p(k) = -k**3 - 9*k**2 - 44*k - 254. Give p(-12).
706
Let t(k) = -54*k**3 - 2644*k**2 + 190*k + 4664. Give t(-49).
156
Let u(q) = -q**3 + 33*q**2 - 496*q + 10972. Determine u(29).
-48
Let r(v) = 358*v**3 + 34373*v**2 + 469*v - 1065. Give r(-96).
-9
Let d(t) = 2*t**2 + 718*t + 30776. Determine d(-51).
-640
Let t(z) = -193653*z - 968229. Calculate t(-5).
36
Let m(o) = -5*o**2 + 844*o + 2764. What is m(172)?
12
Let h(q) = 4*q**2 - 686*q - 6781. Calculate h(181).
97
Let m(l) = -464*l + 493734. Calculate m(1064).
38
Let u(t) = -2*t**3 + 50*t**2 - 253*t + 3690. Determine u(23).
-13
Let w(j) = j**2 - 54*j - 1048. Determine w(0).
-1048
Let w(s) = s**3 + 9*s**2 + 28*s + 9. Determine w(-7).
-89
Let y(s) = 2174*s - 49977. Give y(23).
25
Let n(v) = -v**3 + 60*v**2 - 323*v - 19065. Give n(34).
9
Let r(x) = 41652*x + 249953. Calculate r(-6).
41
Let h(b) = -3*b**3 + 6*b**2 - 166*b + 1091. Determine h(10).
-2969
Let q(b) = -2*b**3 + 13*b**2 + 717*b - 8287. What is q(12)?
-1267
Let g(j) = 6*j**3 - 16*j**2 - 47*j + 216. Determine g(4).
156
Let h(w) = 2*w**3 - 422*w**2 + 3055*w + 39198. Give h(203).
19
Let g(i) = i**3 + 38*i**2 - 29*i + 1348. Calculate g(-39).
958
Let q(l) = -5*l**3 - 822*l**2 - 350*l - 3604. Calculate q(-164).
4
Let c(x) = -x**2 - 1401*x - 360023. Determine c(-339).
-5
Let d(j) = -66943*j**2 - 1204964*j + 174. What is d(-18)?
-6
Let m(z) = z**3 + 39*z**2 - 197*z - 2978. Give m(-42).
4
Let h(a) = -37*a**2 + 2703*a - 133. Give h(73).
13
Let p(c) = -8*c**3 + 1717*c**2 + 2363*c + 2695. Give p(216).
-113
Let q(w) = -3*w**2 + 163*w - 1878. Determine q(10).
-548
Let k(l) = 32770*l + 44. Give k(0).
44
Let c(z) = 23*z**3 - 24*z**2 + 101*z - 43. What is c(4)?
1449
Let p(v) = -1287*v - 21. Determine p(0).
-21
Let q(v) = -v**2 - 117*v - 3291. Calculate q(-40).
-211
Let s(q) = -253*q**2 - 80696*q + 67. What is s(-319)?
-3442
Let n(h) = h**3 + 135*h**2 + 2838*h + 397. Calculate n(-109).
-39
Let g(c) = c**3 + 15*c**2 + 451*c + 1704. Calculate g(-4).
76
Let n(t) = -3*t**2 + 519*t - 10019. Determine n(22).
-53
Let r(a) = 3*a**3 - 103*a**2 - 137*a - 39. Give r(36).
1509
Let n(c) = c**2 + 27674*c + 331876. Give n(-12).
-68
Let y(p) = p**2 - 457*p + 47475. Determine y(181).
-2481
Let q(z) = -1052*z**2 - 3528*z - 2489. Determine q(-1).
-13
Let y(n) = 55*n**2 + 9449*n - 2095. Give y(-172).
-203
Let i(v) = -3394295*v - 44125842. What is i(-13)?
-7
Let g(k) = -2*k**3 - 2*k**2 + 24*k - 1669. Give g(0).
-1669
Let j(o) = -21*o**3 + 124*o**2 + 197*o - 23. Determine j(7).
229
Let h(s) = 47223*s - 1133374. Calculate h(24).
-22
Let h(a) = 3785*a + 628306. What is h(-166)?
-4
Let o(q) = 160*q**2 + 1138*q - 3425. Calculate o(3).
1429
Let a(b) = -212718*b - 1489033. Determine a(-7).
-7
Let o(k) = -46*k**2 + 274*k - 277. Give o(1).
-49
Let b(g) = 2*g**3 - 254*g**2 - 787*g + 885. Give b(130).
-25
Let k(b) = b**3 - 33*b**2 - 3906*b + 119893. What is k(30)?
13
Let y(x) = 36733*x + 3563103. Determine y(-97).
2
Let z(s) = s**2 + 8374*s - 10856592. Give z(1141).
23
Let a(b) = -9*b**2 + 740*b - 2344. Determine a(79).
-53
Let c(h) = 3*h**3 - 15*h**2 + 2099*h - 10464. Give c(5).
31
Let n(s) = 828*s - 29604. What is n(36)?
204
Let j(y) = -1633*y + 6208. Calculate j(3).
1309
Let s(l) = 55672*l + 668064. What is s(-12)?
0
Let f(b) = -6*b**3 + 1096*b**2 + 1450*b + 4012. Give f(184).
-36
Let m(a) = -1427480